f -w**3/3 + 2*w**2 - 4*w - 2. Let h(t) = t + 19. Let c be h(-15). Give g(c).
-4
Let k(r) = -r - 3. Suppose -3*l = -4*g - 0*g - 24, 3*g + 18 = -2*l. Let i be k(g). Let z(m) = -m**3 + 3*m**2 - 3. What is z(i)?
-3
Let x(v) = -v**3 - 4*v**2 + 4*v - 1. Let h be x(-5). Let t(y) = 2*y**2 - y - 1. Let l(k) = -k**2 + 1. Let n(u) = -11*l(u) - 6*t(u). Give n(h).
3
Let o be 8 + -6 + (-2)/(-1). Let p(w) = -3*w + 6. What is p(o)?
-6
Let z(j) = j**3 + j**2 + j + 1. Let g(o) = -o**2 - 2*o + 5. Let b be g(-4). Let c = 3 + b. Determine z(c).
1
Let n(a) be the second derivative of a**3/2 - 5*a**2/2 - 2*a. Calculate n(5).
10
Let t(k) = k**2 - 6*k + 6. Let j be t(5). Let a(s) = 0 - 7*s**3 + j - s**3. Give a(1).
-7
Suppose 2*h = 4 + 6. Suppose 26 - 6 = h*m. Let z(q) = q**3 - 2*q**2 - 6*q + 2. What is z(m)?
10
Let s(k) = k - 2. Let t be s(5). Suppose 3*h - t + 6 = 0. Let m(g) = -4*g**3 - g - 49*g**2 + 94*g**2 - 47*g**2. Give m(h).
3
Let s = -65 - -34. Let q = 24 + s. Let a(l) = -l**2 - 4*l + 10. What is a(q)?
-11
Let s(x) = -5*x + x**3 + 7*x**2 - 12*x**2 + 3 + 4*x. What is s(4)?
-17
Let i(u) = -6*u - 4. Let s(r) = 5*r + 3. Let a(o) = -6*i(o) - 7*s(o). What is a(5)?
8
Let p(n) = -6*n - 4*n + 4*n + n + 6. Let d(x) = 4*x - 5. Let b(h) = h**2 + h - 5. Let z be b(0). Let v(s) = z*p(s) - 6*d(s). What is v(1)?
1
Let b(k) be the third derivative of k**4/24 + 5*k**3/6 - 27*k**2. Give b(-9).
-4
Let c(y) = 5*y + 1. Let b(n) = 1 - 2*n + 5*n - 2*n. Let h(u) = -2*b(u) + c(u). What is h(2)?
5
Let o(d) be the third derivative of -d**6/120 - d**5/30 + d**4/12 + d**3/2 - 3*d**2. Calculate o(-2).
-1
Let w = 1 - -1. Let y be 3 - (w + (2 - 0)). Let z(l) = 3*l**3 + 2*l**2 + 2*l + 1. What is z(y)?
-2
Suppose 8*l - l = -7. Let h(u) = 13*u + 5. Let v(d) = -d - 1. Let j(x) = h(x) + 6*v(x). Determine j(l).
-8
Let s(b) = 10 - b + 6 - 6*b - 24*b. Let j(r) = 6*r - 3. Let h(l) = -11*j(l) - 2*s(l). Determine h(-1).
5
Let x(v) = 3*v**2 - v + 1. Suppose -4*g = -2*i - 24, -2*g + 3*i + 6 = 5*i. Suppose g*f + 5 - 12 = -r, -11 = -5*f - 3*r. Give x(f).
3
Let k be (8/5)/(2/(-25)). Let t be 35/k + 1/(-4). Let r(f) = -f. Determine r(t).
2
Let r(v) = 2*v - 1. Suppose 0 = -10*w + 8*w + 12. Give r(w).
11
Suppose -4 = 2*f - 8. Suppose 6 = -y - f*y. Let u(n) = n**2 + n + 2. Let d be u(y). Let k(l) = -l + 5. Determine k(d).
1
Let v(y) = -4*y**3 + 4*y**2 + 2*y - 4. Let z(t) = 3*t**3 - 3*t**2 - t + 4. Suppose 5*m - 3*i = -4*i + 12, 2*i = -6. Let g(u) = m*z(u) + 2*v(u). What is g(0)?
4
Let i(v) be the second derivative of -v**5/20 + v**4/2 + 5*v**2/2 - 37*v. Give i(6).
5
Let y(u) = u - 2. Suppose -v - 2*q + 4*q + 16 = 0, 4*q + 50 = 5*v. Let j be 4/v - (-56)/(-21). Give y(j).
-4
Let v(c) = c + 13. Let h be v(-8). Suppose -h*n + 15 = -0*n. Suppose -n = 4*u + 1. Let r(z) = -10*z - 1. Give r(u).
9
Let c be (6/(-18))/(4/12). Let h = -5 + 9. Let p(b) = -4 + h + 1 - 7*b**2. Calculate p(c).
-6
Let o be (4 - (1 + 1)) + 0. Let x(n) be the second derivative of -n**4/4 - n**2/2 - 2*n. Let v(h) = h**2. Let q(m) = -5*v(m) - 2*x(m). Determine q(o).
6
Let s(u) be the first derivative of u**2/2 + 7*u - 19. Determine s(-11).
-4
Let h(z) = -13 - 11 + 27 - z**2 - z - 4*z - z. Let v = 11 + -16. Calculate h(v).
8
Let c = -12 - -8. Let f(m) = m**3 + 3*m**2 - 4*m + 5. What is f(c)?
5
Let k(o) be the third derivative of o**5/60 + 5*o**4/24 - o**3/6 - 2*o**2. Let a = 54 - 36. Suppose 5*s + 2*c + 22 = 0, -2*c + a = -2*s - 3*s. Determine k(s).
-5
Let o be 0 + 0 - (2 - 3). Let x(f) = f - 2. Suppose -2*u = -0*u - 14. Let z(v) = v - 2. Let l(a) = u*z(a) - 6*x(a). Calculate l(o).
-1
Let c(d) = d**2 + 1. Let p(o) = -2*o**2 + 8*o + 1. Let t(s) = 3*c(s) + p(s). Determine t(-7).
-3
Let o be (1 - (4 + -5))*1. Let q(y) be the second derivative of -y + 0 - 1/12*y**4 + 1/3*y**3 + 0*y**o. Calculate q(3).
-3
Let y(g) = 2*g + 1. Let m(d) be the third derivative of -d**4/24 - d**3/6 - 6*d**2. Let h(w) = 4*m(w) + 3*y(w). What is h(6)?
11
Let m(n) = 1 - 9*n**3 - n - 4*n**2 + 4*n**2 - n**2. What is m(1)?
-10
Let y(p) = 4*p**2 + 3*p - 10. Let l(x) = 5*x**2 + 2*x - 11. Let f be (8/6)/((-4)/18). Let v(g) = f*y(g) + 5*l(g). Give v(6).
-7
Let c(v) = -8*v + 5. Let t(f) = -9*f + 6. Let w(a) = -7*c(a) + 6*t(a). Let z be 1 - (12/3 - 2). Give w(z).
-1
Let u(j) be the third derivative of j**8/20160 - j**7/720 + j**6/120 - j**5/60 - 2*j**2. Let z(w) be the third derivative of u(w). Determine z(5).
-4
Suppose -4*b - 8 = -3*t, -3*b + 2*t - 11 + 4 = 0. Suppose -2*d + 5*d = 0. Let i(a) = 7 + d*a + 5*a - 2*a. Determine i(b).
-8
Let p = 7 + 1. Let y = p + -3. Let c(k) = 3*k**2 + 3*k + 3. Let x(l) = l**2. Let u(f) = -c(f) + 4*x(f). Determine u(y).
7
Let f(p) = -p + 2. Let n be 7/2*24/14. Give f(n).
-4
Let l(d) = -5*d - 6. Let j(z) = -z - 1. Let v(g) = 11*j(g) - 2*l(g). Calculate v(0).
1
Let s = 54 + -34. Suppose -4*v = -0*h - 2*h - s, -7 = -v + h. Let i(n) = -n + 3. What is i(v)?
0
Let u(y) be the second derivative of -2/3*y**3 - 7*y + 2*y**2 - 1/20*y**5 - 1/2*y**4 + 0. Calculate u(-4).
-12
Let y(b) = b - 7. Let a be 8/(-40) + 52/10. Give y(a).
-2
Let p be 3 - (3 - 1 - 4). Let k(l) be the third derivative of 0*l + 1/6*l**3 + 2*l**2 + 1/20*l**p + 0 + 1/120*l**6 - 1/24*l**4. Determine k(-3).
4
Let h(s) = 7*s**2 - s - 1. Suppose 0 = 6*c - c - 10. Suppose -i + 5*d = -2*i - 6, 5*i + 7 = -c*d. Give h(i).
7
Let b(g) = 2*g**2 + 2*g - 6. Let h be 2*(3/6 + -2). Let i(p) = -3*p**2 - 5*p + 11. Let n(l) = h*i(l) - 5*b(l). Calculate n(3).
3
Let n(i) = i + 3. Suppose 0 = 7*w - 23 + 72. Determine n(w).
-4
Let b(t) = 2*t + 8. Let c be (-6)/3 + (2 - 6). Determine b(c).
-4
Suppose 13*z - 53 + 14 = 0. Let l(a) = 4*a + 4. Determine l(z).
16
Let b(t) = -t + 6. Let n(w) = w**2 - w. Let q = -4 - -6. Let i be n(q). Suppose i*u = -u. Give b(u).
6
Let s be 6/4 - 1/2. Let z(k) = k - 5*k**2 + 6*k**2 - 1 - 2*k. What is z(s)?
-1
Let a be -1 + -2 + 7 + -4. Let j(q) = -q**3 + 7. Determine j(a).
7
Suppose -j + 2 + 1 = 0. Let o = j + -5. Let r(w) = 11*w + 7. Let f(u) = -6*u - 4. Let s(i) = 5*f(i) + 3*r(i). What is s(o)?
-5
Let n(k) = k**3 + k**2 + k + 5. Let p be 4/14 + (-38)/(-14). Suppose 0 = 2*j + 3*j - 15. Let t = p - j. Give n(t).
5
Let a(u) = -2*u + 1. Let n(c) = 5*c - 6. Let l(f) = 2*a(f) + n(f). What is l(6)?
2
Let z(k) be the third derivative of -k**4/12 - 2*k**3/3 - 8*k**2. Calculate z(4).
-12
Let r = 16 + -14. Let w(t) be the first derivative of 5/2*t**2 - t - 1/3*t**3 + r. Calculate w(5).
-1
Let w(c) be the third derivative of 1/12*c**4 + 0*c - 1/60*c**5 + 0 + 1/6*c**3 - 3*c**2. What is w(2)?
1
Let t(q) = -q**2 - q + 10. Let p(u) = u**2 - 4*u + 1. Let i be p(5). Suppose 3 = -2*g + 7. Suppose -g*d + 1 = 5*s + 11, 0 = -d + 3*s + i. Give t(d).
10
Let i(a) = 4*a**3 + 9*a**2 + 9*a - 7. Let n(t) = -3*t**3 - 6*t**2 - 6*t + 5. Suppose 34 = -6*l - 8. Let j(w) = l*n(w) - 5*i(w). Let z = 4 - 0. Give j(z).
4
Let l(b) = 20*b + 11. Let y(r) = -2*r - 1. Let i(g) = -6*l(g) - 66*y(g). Let q(s) = -s - 5. Let k be q(-4). Calculate i(k).
-12
Let m(u) = -u**3 + 6*u**2 + 2*u - 7. Let b be 1*(-11 + 4/2). Let h = 15 + b. Determine m(h).
5
Let n(j) = -j**3 + j**2 - 1. Let y(u) = 6*u**3 + u + 1. Let s(t) = -5*n(t) - y(t). What is s(-3)?
-11
Let c(i) be the third derivative of -i**6/120 + i**5/20 + i**4/8 - 2*i**3/3 + 19*i**2. Calculate c(3).
5
Let w = 10 + 3. Suppose 0 = -n + l + 2*l - w, -25 = -5*l. Let o(g) be the second derivative of g**3 - g**2 + g. Determine o(n).
10
Let w = 28 + -16. Suppose -3*o + 2*o - 18 = -5*b, 0 = 3*b - o - w. Let h(d) = -d**2 + 2*d. Give h(b).
-3
Let m(g) = -g**3 + 8*g**2 - 7*g + 6. Let z be m(7). Let h(w) = -w + 6. Calculate h(z).
0
Let v = -14 + 29. Let x = 15 - v. Let a(w) = -w**2 - w + 7. Give a(x).
7
Let j(z) = -z**3 - 9*z**2 + 3. Let c be j(-9). Suppose f - 3*f + 3*d + 9 = 0, 0 = -d - c. Let i(h) = -2*h + f*h - 2 - 2 - 1. Calculate i(-6).
7
Let b(s) = 5*s**2 + 7. Let f(g) = -10*g**2 - 13. Let y(p) = -11*b(p) - 6*f(p). Calculate y(1).
6
Let b(v) be the third derivative of -v**6/120 + 3*v**5/20 - 7*v**4/24 - 2*v**3/3 - 23*v**2. Determine b(8).
4
Let i be (-4 - -2*1) + 5. Let k(r) = -3*r**2 - 3 - 2 + i + 3*r + r**3. Let j = -29 - -31. Give k(j).
0
Let q(v) = -v**3 + 4*v**2 - 4*v + 4. Let i = -17 + 9. Let c = i + 11. What is q(c)?
1
Let a(r) = 6*r**2 - 1. Let n(f) = -6*f**2 + 1. Let g(o) = -2*